 and 516?
12
Calculate the greatest common factor of 978050 and 80.
10
Calculate the highest common divisor of 200566 and 5552.
694
Calculate the highest common factor of 104400 and 50800.
400
What is the greatest common factor of 7284 and 928?
4
What is the greatest common factor of 90133 and 173?
173
What is the highest common factor of 286146 and 21?
21
What is the highest common divisor of 437565 and 465?
465
Calculate the highest common factor of 16 and 274.
2
Calculate the greatest common factor of 48 and 42480.
48
Calculate the greatest common factor of 15936 and 164091.
249
What is the highest common factor of 40 and 18064?
8
What is the greatest common divisor of 154899 and 2322?
27
What is the greatest common divisor of 790127 and 143?
13
Calculate the highest common factor of 35820 and 130.
10
What is the greatest common divisor of 2899 and 12488?
223
What is the greatest common divisor of 152 and 844056?
152
Calculate the greatest common factor of 385 and 467005.
385
Calculate the greatest common divisor of 85633 and 76.
19
Calculate the highest common divisor of 176856 and 648.
24
What is the highest common divisor of 549717 and 126?
21
What is the highest common divisor of 721 and 259?
7
Calculate the greatest common divisor of 538 and 196101.
269
Calculate the greatest common factor of 5818624 and 16.
16
Calculate the highest common divisor of 2175 and 5710825.
725
What is the highest common factor of 106536 and 2208?
552
What is the greatest common factor of 10560 and 30240?
480
Calculate the highest common divisor of 990 and 750.
30
Calculate the greatest common factor of 4476 and 2508.
12
What is the highest common factor of 2682 and 481866?
894
Calculate the greatest common factor of 45 and 4740.
15
Calculate the highest common divisor of 11 and 18668155.
11
Calculate the greatest common factor of 150 and 10530.
30
What is the highest common factor of 145117 and 7?
7
What is the highest common factor of 117765 and 45?
45
What is the highest common factor of 5925 and 73725?
75
What is the highest common factor of 46800 and 35460?
180
What is the highest common divisor of 135110 and 118?
118
What is the highest common divisor of 16082660 and 44?
44
Calculate the greatest common divisor of 72 and 139986.
18
What is the highest common factor of 13920 and 128160?
480
What is the highest common divisor of 641795 and 385?
385
What is the highest common divisor of 1 and 22798?
1
What is the greatest common divisor of 4232 and 16?
8
Calculate the greatest common factor of 12543 and 65427.
339
Calculate the greatest common divisor of 5944 and 128.
8
Calculate the greatest common divisor of 120 and 17352.
24
What is the highest common divisor of 54065 and 55?
55
Calculate the highest common divisor of 392 and 26152.
56
Calculate the greatest common divisor of 540 and 25185.
15
Calculate the greatest common factor of 17949 and 34161.
579
What is the highest common factor of 307 and 9078911?
307
What is the highest common factor of 194 and 3085473?
97
What is the greatest common divisor of 216345 and 15?
15
What is the greatest common factor of 177414 and 150?
6
What is the highest common divisor of 10887 and 1197?
57
What is the greatest common divisor of 629380 and 40?
20
Calculate the highest common factor of 362 and 273129.
181
What is the highest common factor of 16491 and 207?
69
Calculate the highest common factor of 50025 and 3795.
345
Calculate the highest common divisor of 2336 and 1022.
146
Calculate the highest common factor of 25704 and 9588.
204
What is the highest common factor of 6780 and 240?
60
Calculate the greatest common divisor of 186092 and 4.
4
Calculate the greatest common divisor of 364 and 36920.
52
What is the highest common divisor of 1344 and 18312?
168
What is the highest common divisor of 93940 and 665?
35
Calculate the greatest common divisor of 71547 and 777.
21
Calculate the greatest common factor of 540 and 1751166.
54
Calculate the highest common divisor of 237367 and 2223.
247
What is the greatest common divisor of 2875 and 149?
1
Calculate the highest common divisor of 73070 and 80.
10
What is the greatest common factor of 4095 and 52500?
105
What is the greatest common factor of 531 and 3245?
59
What is the greatest common divisor of 14 and 47054?
14
Calculate the highest common factor of 15 and 86109.
3
Calculate the greatest common divisor of 14 and 149674.
14
What is the highest common divisor of 16169 and 1387?
19
What is the highest common divisor of 61 and 21289?
61
What is the greatest common divisor of 3235377 and 133?
19
Calculate the greatest common divisor of 90 and 270770.
10
Calculate the greatest common divisor of 13604 and 152.
76
What is the greatest common factor of 14 and 51583?
7
What is the greatest common factor of 1464 and 213988?
244
Calculate the greatest common factor of 133 and 959.
7
What is the highest common factor of 2982 and 14434371?
1491
What is the highest common divisor of 1448 and 4706?
362
Calculate the greatest common divisor of 10 and 80390.
10
What is the highest common divisor of 4461300 and 1260?
180
Calculate the highest common factor of 4000 and 2875.
125
Calculate the highest common factor of 68112 and 1881.
99
Calculate the highest common divisor of 9114 and 15996.
186
Calculate the highest common factor of 625660 and 35.
35
What is the greatest common divisor of 118430 and 1118?
26
Calculate the highest common divisor of 8282274 and 4851.
1617
What is the highest common factor of 172 and 153?
1
Calculate the highest common factor of 143759 and 77.
77
What is the greatest common divisor of 16 and 55208?
8
Calculate the greatest common factor of 9490 and 50830.
130
Calculate the greatest common divisor of 4480 and 61040.
560
What is the highest common factor of 850 and 1717?
17
What is the greatest common factor of 190672 and 272?
272
What is the highest common factor of 837180 and 180?
180
Calculate the highest common divisor of 142511 and 1616.
101
Calculate the greatest common factor of 621 and 152973.
207
Calculate the greatest common factor of 5373 and 32427.
27
Calculate the highest common factor of 72045 and 1170.
45
Calculate the highest common factor of 14860 and 110.
10
What is the greatest common factor of 1026 and 5434?
38
What is the greatest common factor of 18 and 13404?
6
Calculate the greatest common factor of 303269 and 6401.
173
What is the greatest common divisor of 8525 and 363825?
275
What is the greatest common divisor of 19430 and 29?
29
Calculate the greatest common divisor of 108539 and 349.
349
Calculate the highest common divisor of 647200 and 800.
800
What is the greatest common factor of 40279 and 141?
47
What is the highest common divisor of 27556 and 24?
4
What is the greatest common divisor of 31 and 148459?
31
Calculate the highest common factor of 153 and 594711.
153
Calculate the highest common divisor of 297 and 39501.
297
Calculate the highest common factor of 238 and 37247.
119
What is the highest common divisor of 2793686 and 98?
98
Calculate the greatest common factor of 330 and 2211.
33
What is the highest common factor of 6 and 26766?
6
Calculate the highest common divisor of 9 and 2697507.
9
What is the highest common factor of 1650 and 14322?
66
What is the greatest common divisor of 153868 and 2860?
572
What is the greatest common divisor of 116385 and 15?
15
What is the highest common divisor of 3286439 and 404?
101
Calculate the highest common factor of 54085 and 742270.
1865
Calculate the highest common factor of 15 and 1104200.
5
Calculate the highest common factor of 9366 and 731886.
1338
What is the greatest common divisor of 152 and 22553?
19
Calculate the highest common divisor of 1235 and 9139.
247
Calculate the greatest common factor of 41 and 81713.
41
Calculate the highest common divisor of 92 and 16054.
46
What is the greatest common factor of 24054 and 570?
114
What is the highest common divisor of 66400 and 7470?
830
What is the highest common divisor of 36 and 472092?
12
What is the highest common divisor of 7728 and 96?
48
Calculate the greatest common divisor of 1613600 and 128.
32
Calculate the highest common divisor of 1257034 and 348.
58
What is the highest common divisor of 9750 and